Let x be b(14). Let j = x + -13. Calculate the remainder when o is divided by j.
7
Suppose t - 2*t + 53 = 0. Suppose -2*p + 13 = -25. What is the remainder when t is divided by p?
15
Suppose 8 = 2*y - 12. Let d(a) = a**3 + 5*a**2 - 13*a - 6. Calculate the remainder when d(-6) is divided by y.
6
Let m = -299 + 592. Calculate the remainder when m is divided by 74.
71
Let h = -2586 + 2592. What is the remainder when 46 is divided by h?
4
Let y = -307 - -579. Suppose -3*u + y = -u. What is the remainder when u is divided by 20?
16
Suppose -3*r + l = -71, 5*r + 2*l - 6*l - 130 = 0. Let g(s) = s**3 - 9*s**2 + 18*s + 15. What is the remainder when r is divided by g(5)?
2
Let l = -6 - -14. Suppose -4*g + l*g - 124 = 0. What is the remainder when g is divided by 12?
7
Let j(w) = -w**3 - 8*w**2 - 2*w + 5. Let y be j(-7). Let z = -21 - y. What is the remainder when -5 + 4433/91 + (-2)/(-7) is divided by z?
8
Suppose u + 2*d - 106 = 6*d, -5*u = 5*d - 580. Let m = u - 101. Calculate the remainder when 35 is divided by m.
9
Let v = 991 - 675. Suppose 3*a = -a + v. Suppose 9*t - 128 = a. What is the remainder when 89 is divided by t?
20
Suppose -72 = 41*x - 43*x. What is the remainder when x is divided by 8?
4
Suppose c - 14 - 3 = 0. Suppose 14*a = 62 + 50. What is the remainder when c is divided by a?
1
Let p(a) = 10*a + 298. Calculate the remainder when 866 is divided by p(-24).
54
Suppose 0 = -4*p - i + 53, -3*i - 23 = -p - 0*i. Let u be (-2)/(-7) + 878/p. Suppose -2*v - v + u = 0. Calculate the remainder when v is divided by 12.
9
Suppose 0 = 85*w - 73*w - 864. Calculate the remainder when 140 is divided by w.
68
Let m = -120 + 186. What is the remainder when 263 is divided by m?
65
Suppose -34*v - 176 = -38*v. Calculate the remainder when v is divided by ((-2)/2 + -7)/(-1).
4
What is the remainder when 65 - (-17 - -16 - (0 - 2)) is divided by 38?
26
Let f(d) = -d**2 + 20. Let l be f(4). Let k = -6 - -11. Suppose 0*y + 2*y + 66 = k*m, -l*y = -8. Calculate the remainder when 39 is divided by m.
11
Suppose 2*r = -4*y + 294, -4*r + 3*r - 279 = -4*y. What is the remainder when 135 is divided by y?
64
Let z be (-4)/18 - (-6)/27. Suppose z = 3*a - 2*a - 65. Suppose -3*d = 2*d - a. What is the remainder when d is divided by 4?
1
Suppose 4*p - 35 - 9 = 0. Let n = 188 + -59. What is the remainder when n is divided by p?
8
Suppose -4*g = -2*d - 16, -4*g - 5*d + 2 = -0. Calculate the remainder when 30 is divided by g.
0
Let d(f) = -15*f - 126. What is the remainder when 50 is divided by d(-9)?
5
Suppose -p - 2*d = 2*p + 542, 4*d - 736 = 4*p. Let h = p - -309. Let c = -36 + h. What is the remainder when c is divided by 23?
22
Suppose 0 = -36*b + 33*b + 162. What is the remainder when 156 is divided by b?
48
Let m = -40 - -42. Suppose 2*y = 3*r + 211, y + y = -m*r + 236. Calculate the remainder when y is divided by 38.
37
Let q = 14 + -4. What is the remainder when q is divided by (4/(-10))/(20/(-350))?
3
Let i = 292 + -256. What is the remainder when i is divided by 13?
10
Suppose 0 = 2*y + 93*n - 88*n - 118, -3*y + 160 = -n. What is the remainder when 316 is divided by y?
46
Let q = -917 - -924. Calculate the remainder when 53 is divided by q.
4
Let j(r) = -7*r - 3. Calculate the remainder when j(-3) is divided by 84/(-4)*(3/(-9))/1.
4
Suppose 3*w = -4*x + 294, -5*x = -3*w + 87 + 180. What is the remainder when w is divided by 21?
10
Let u = 63 - 38. Suppose -z + u = 9. Let y(s) = 7*s**2 - 10*s + 5. What is the remainder when y(4) is divided by z?
13
Suppose 24*z - 89 = 103. Calculate the remainder when 79 is divided by z.
7
Suppose -b + 34 = -26. What is the remainder when (8/(-32))/((-3)/b) is divided by 5?
0
Suppose 5*z - 3*d - 761 = 0, 2*z - 4*z - d = -311. What is the remainder when z is divided by 53?
48
Let i = 2489 - 2371. Calculate the remainder when 233 is divided by i.
115
Let w(g) = -g**2 - 12*g + 25. Let a be w(-10). Suppose 0 = -m - 2*y + 230, 4*m - a - 891 = -4*y. Calculate the remainder when m is divided by 40.
38
Suppose 182*w - 187*w + 140 = 0. Calculate the remainder when 250 is divided by w.
26
Let t(j) = 6*j**2 + j + 1. Suppose -7*v + 10*v - 9 = 0. Suppose 0 = -v*d - 0 + 90. Calculate the remainder when t(3) is divided by d.
28
Let z = -13 + 15. Suppose -3*v = z*n - 47, 5*n = -v - 28 + 152. Calculate the remainder when 72 is divided by n.
22
Suppose -28*y = 42*y - 2730. Calculate the remainder when y is divided by 14.
11
Let n(k) = -2*k**2 + 17*k + 18. Let m be n(9). Let z = 24 - m. Calculate the remainder when 43 is divided by z.
13
What is the remainder when 34 is divided by 5 - (-10 - (-12 + 7))?
4
Suppose 0 = 2*d - 10 - 88. Calculate the remainder when d is divided by ((-8)/3)/(32/(-120)).
9
Let q be (-1)/(-4) - 244/16. Let l(s) = s**2 + 12*s - 20. Suppose -4*z + 12 = 0, 8*z = -5*v + 3*z + 60. Calculate the remainder when l(q) is divided by v.
7
Suppose -17 = -3*d + 5*x, -d + x + 1 = 2*d. Calculate the remainder when d/(-1)*(2 - -3) is divided by 2.
1
Let d(l) = l**3 + 9*l**2 - 4*l - 20. Let r(s) = 4*s + 51. Let q be r(-15). Calculate the remainder when d(q) is divided by 3.
1
Let p = -514 + 548. Calculate the remainder when 160 is divided by p.
24
Let f(o) = o**2 - 9*o + 12. Let y(k) = -k**2 + 10*k + 5. Let t = -23 - -33. What is the remainder when y(t) is divided by f(8)?
1
Let m(b) = -5*b**2 - 4*b + 18*b**2 - 7 + 124*b**3 - 125*b**3. What is the remainder when m(12) is divided by 13?
11
Let c = -657 - -694. Let u = -162 - -308. What is the remainder when u is divided by c?
35
Suppose -3*q + 3*g - 15 = 0, 2*q + 6*g - 2 = 5*g. What is the remainder when 145 is divided by (-5)/((-35)/7) - 36/q?
34
Let r = -2982 + 3010. What is the remainder when r is divided by 20?
8
Let u = -459 - -460. Let j(f) = -2*f + 6. Let d be j(5). What is the remainder when 60 is divided by d + u + 3 - -16?
12
Let z(h) = 5*h - 5. Let p be z(7). Let v = p + -19. Let q(b) = b**2 + 9*b + 10. What is the remainder when q(-10) is divided by v?
9
Suppose 31 = 6*t - 791. Calculate the remainder when t is divided by 35.
32
Let u = -2408 + 2500. Calculate the remainder when u is divided by 26.
14
Let k = 212 - 190. What is the remainder when 173 is divided by k?
19
Let k(l) = -20*l**3 - l**2 - 2*l - 1. Let z be k(2). Let u = z + 259. What is the remainder when u is divided by 24?
18
Let a = 18 + -15. Suppose 0 = u - 5*u - a*o - 127, 99 = -3*u - o. Let l = u + 62. Calculate the remainder when l is divided by 15.
13
Let b = -218 - -233. Calculate the remainder when 69 is divided by b.
9
Let m(g) = 3*g + 5. Let d(j) = -j**3 - 8*j**2 - 4*j - 11. What is the remainder when m(12) is divided by d(-8)?
20
Suppose -2*p = -o + 6 - 37, 3*o - 12 = -p. Let d(r) = 7*r**2 + 2*r. Let s be d(2). Suppose 0 = -3*q + 7*q - s. What is the remainder when p is divided by q?
7
Suppose -8*a + 80 = 3*h - 12*a, 0 = -3*h - 5*a + 35. What is the remainder when 398 is divided by h?
18
Let z be 3751/(-155) + 2/10. Let p(q) = -q**3 + q**2 - q - 3. Let r be p(0). Calculate the remainder when (z - 1)/(-1) + r is divided by 6.
4
Suppose 5*l + 14 + 6 = 4*g, l = 4. Calculate the remainder when (18/27)/(2 - 100/51) is divided by g.
7
Let g(o) = -16*o - 6. Let n be g(-3). Suppose -n = -5*x + 3. What is the remainder when 49 is divided by x?
4
Let s(j) = j**3 + 14*j**2 + 10*j + 18. What is the remainder when 149 is divided by s(-13)?
35
Suppose -5*c + 2*o = -11, -6*o - 5 = -5*c - o. Let v(w) = 2*w**3 - 4*w**2 - w. Calculate the remainder when 43 is divided by v(c).
13
Suppose 34 = 3*w + z, 4*w + z = 63 - 19. Suppose -9*l = -10*l + w. Calculate the remainder when 14 is divided by l.
4
Let h be (-8)/(-44) + (-312)/22. Let z = -1 - h. Let d = z - -1. What is the remainder when 25 is divided by d?
11
Suppose -9*n + 111 = -114. Calculate the remainder when 93 is divided by n.
18
Let y = 79 - 37. Suppose 17*j = 36*j - 304. What is the remainder when y is divided by j?
10
Suppose 3*c - 5*g + g + 7 = 0, -2*c + 4*g = 10. Let b = 7 - c. Suppose -20*m = -15*m - 85. What is the remainder when m is divided by b?
1
Let f = 22 + -53. Let j = -18 - f. What is the remainder when 50 is divided by j?
11
Suppose 12*l + 6 = 6*l. Calculate the remainder when 1 + (2 - l) - (-79 - 6) is divided by 30.
29
Suppose 4*s + 0*s - 624 = 0